15*f + 7 + 10*f - f**3 + 8*f**2 - 5*f. List the prime factors of y(6).
19
Suppose 0 = -2*u - 2*u + 120. Suppose -4*b - 10 = -2*g, 0 = -2*g - b + 5 - 20. What are the prime factors of g/u - (-25)/6?
2
Suppose p = 92 + 16. What are the prime factors of p?
2, 3
Suppose -2*n = -4*g - n + 5, -3*n - 15 = 3*g. Let u be (0 + g)*(7 + -6). Suppose u = 3*a - 12 - 27. List the prime factors of a.
13
Let u(j) = -j**3 - 9*j**2 + 8*j + 7. List the prime factors of u(-10).
3
List the prime factors of -6 - (-33)/6 - (-1995)/6.
2, 83
Let x be (-58)/(-18) + 4/(-18). Let p(u) = -u**2 + 14 - 3*u**x + 4*u**3 - 6. List the prime factors of p(0).
2
Suppose -2*o - 4*r = -7*r - 3, -5*o = -2*r - 2. Suppose 0 = 4*a - i + 10, 3*a + 0*i + 4*i + 17 = o. List the prime factors of 2/(-2) - 2*a.
5
Let k(f) = f**3 - 19*f**2 - 20*f + 42. What are the prime factors of k(20)?
2, 3, 7
Suppose 4*c = 5 + 11. Let t be (-1)/1 + 3 + 0. Suppose c*l + 30 = t*b, b = 3*l + 14 + 4. List the prime factors of b.
3
Let a be ((-3)/(-2))/(6/(-8)). Let o be a - -2*(2 + -3). List the prime factors of (14/4)/(o/(-8)).
7
Suppose -o + 3*r = -281, -4*r + 180 + 412 = 2*o. Suppose 2*s - 58 = -d, 5*d = -0*s - s + o. What are the prime factors of d?
2, 29
Let o = 8 - 3. Let j(s) = s**2 + 4*s - 7. Let r(m) = 2*m**2 + 7*m - 14. Let i(y) = -11*j(y) + 6*r(y). List the prime factors of i(o).
2
Let t = 21 - 14. What are the prime factors of t?
7
Let x(o) = 4 - 5 + 2 + 9*o. List the prime factors of x(1).
2, 5
Let n be (-4)/10 - (-81)/15. Suppose 4*m - 20 - 1 = -n*u, 0 = 4*m - 5*u - 51. List the prime factors of m.
3
Suppose 11*u - 4923 + 831 = 0. List the prime factors of u.
2, 3, 31
Suppose 0 = 4*n - 7*n - 21. Let d(a) = -a**2 - 7*a + 8. Let v be d(n). Let c = v + 4. What are the prime factors of c?
2, 3
Suppose -2*y = 4*g + 10, -g + 2*y - 10 = -0*y. Let u = g + 7. Suppose u*v - 7*v = -20. List the prime factors of v.
5
What are the prime factors of (-1 - 82)*16/40*-5?
2, 83
Let l(j) = j**2 + 6*j - 29. List the prime factors of l(-10).
11
Let n(v) = 3*v**2 - 5*v + 8 - 18 + 9. List the prime factors of n(4).
3
Let d(z) be the first derivative of -z**2/2 + 10*z - 2. List the prime factors of d(-7).
17
Let h = -323 + 521. What are the prime factors of h?
2, 3, 11
Let b be -3*(-4 + 1 + 2). Let o(t) = 4*t - 1. List the prime factors of o(b).
11
Let s = -31 + 45. Let q = s + -2. List the prime factors of q.
2, 3
Suppose 2*b + 68 = 3*n + 3*b, n - 26 = 3*b. Let w = n + -4. What are the prime factors of w?
19
Let h(q) = 247*q**3 + q**2 + q - 2. List the prime factors of h(1).
13, 19
Let o be 8/6*6/(-1). Let s(u) = 7*u - u - 8*u - 10 + 0*u. What are the prime factors of s(o)?
2, 3
Suppose 3*z + 6 = 0, -4*x + z + 414 = -2*z. List the prime factors of x.
2, 3, 17
Let g(i) = 7*i**3 + 5*i**2 - i + 17. Let a(l) = 3*l**3 + 2*l**2 + 8. Let q(s) = 9*a(s) - 4*g(s). What are the prime factors of q(-4)?
2, 5
Suppose -n + 58 = -4*l, 0 = 3*n + 2*n + 2*l - 356. List the prime factors of n.
2, 5, 7
Suppose -2*m + 66 = m. List the prime factors of m.
2, 11
Let r(d) be the first derivative of d**5/20 + d**4/12 - 2*d**3/3 + 1. Let z(p) be the third derivative of r(p). List the prime factors of z(2).
2, 7
Let m = -1 + 1. Suppose 0 = 7*g - 2*g + 4*b - 105, m = 3*g - 2*b - 85. Let u = -10 + g. What are the prime factors of u?
3, 5
Suppose -b - 4*n = -0*n - 89, -341 = -4*b - n. List the prime factors of b.
5, 17
Let t(c) = 2*c**2 - 6*c + 1. List the prime factors of t(6).
37
List the prime factors of (2 - 48/18)*(-417)/2.
139
Suppose 5*r - 19 = -4*d + 24, d - 2*r = 1. Suppose -d - 13 = -y. Suppose -b - y = -6*b. What are the prime factors of b?
2
Let u(z) = z**3 - 5*z**2 - 7*z + 6. Let w be u(7). Suppose -4*j = j + w. Let p = 17 + j. What are the prime factors of p?
2, 3
Suppose -3 = 4*k + 2*c + 5, -5*k = 3*c + 11. Let r(n) = -5*n + 1. Let u be r(k). List the prime factors of 22/u + 4/12.
2
Let k(g) = -g**3 - g**2 - g - 1. Let s = -7 + 4. List the prime factors of k(s).
2, 5
Let i(s) = s**2 + 6*s - 13. What are the prime factors of i(6)?
59
Let i(o) = o**2 - o + 30. What are the prime factors of i(0)?
2, 3, 5
Let h(t) be the third derivative of 17*t**5/60 - t**4/24 + t**3/3 + 4*t**2. What are the prime factors of h(1)?
2, 3
Suppose 0 = -4*i - 2*i + 204. What are the prime factors of i?
2, 17
Let w be (16/40)/(2/(-40)). Let q = 0 - w. What are the prime factors of q?
2
Suppose 0 = -3*k - 7*q + 9*q + 699, 4*k - 932 = -q. List the prime factors of k.
233
Let i(v) = v**3 - 10*v**2 + 19*v + 11. What are the prime factors of i(9)?
101
Let g = -1 + 7. Let d(v) = -v**3 + 7*v**2 + 8*v. Let y be d(8). Suppose l - g + 2 = y. What are the prime factors of l?
2
Let v(l) = 2*l**2 + 1. What are the prime factors of v(1)?
3
Let b(x) = 2*x + 16. Let n = -19 + 28. List the prime factors of b(n).
2, 17
Suppose -414 = m - 4*m. What are the prime factors of m?
2, 3, 23
Let b = -2 + 2. Suppose -u = -b - 12. What are the prime factors of u?
2, 3
Let m(j) = j**2 - 11*j - 1. Let f(a) = 5*a**2 - 54*a - 4. Let b(h) = 2*f(h) - 11*m(h). Let u be b(6). Suppose -5*i - u = -10*i. List the prime factors of i.
3
Let o(n) = -3*n + 1. Let j(q) = -2*q + 1. Let i(u) = -8*j(u) + 5*o(u). Let z be i(-4). Let t = z + 19. List the prime factors of t.
2, 3
Let s(x) = x**3 + 2*x**2 + 2. Let c be s(-2). Suppose 5*v - 108 = c*v. What are the prime factors of v?
2, 3
Let v be 4*(2 + -1)*-1. Let c be (7 - 3)/((-1)/(-2)). Let o = v + c. List the prime factors of o.
2
Suppose -5*f - 30 = -6*f. Let n be (4/(-5))/((-4)/f). List the prime factors of (-18)/((-9)/n + 0).
2, 3
Let j = 6 - 4. What are the prime factors of (-10)/(-2) + -2 + j?
5
Let n = -24 + 18. List the prime factors of (n/(-5))/(9/60).
2
Let b = 46 - -116. List the prime factors of b.
2, 3
Let j(h) = -21*h + 12. What are the prime factors of j(-2)?
2, 3
Suppose -t = 6*j - 3*j - 107, j - 605 = -5*t. List the prime factors of t.
2, 61
Let t = 1 + 8. Let p(m) = -m**3 + 9*m**2 - 9*m + 11. Let l be p(8). Let g = t + l. What are the prime factors of g?
2, 3
What are the prime factors of (-3 - -7)/2 + 31?
3, 11
What are the prime factors of 12/18*95*3?
2, 5, 19
Let z = 8 - 4. Suppose 18 = 2*b + g, 9 = 4*b - 3*b - z*g. Suppose -b = -i - 0*i. List the prime factors of i.
3
Suppose 4*z + 68 - 328 = 0. Suppose 0 = -4*f - 1 + z. What are the prime factors of f?
2
Let y(j) = 12*j - 17. List the prime factors of y(12).
127
Suppose -4*l = -4, -6*j + j = -l - 14. Suppose 0 = -j*m + 7*m - 104. List the prime factors of m.
2, 13
Let b = -3 + 9. List the prime factors of b.
2, 3
Let i be (20/(-6))/((-4)/(-12)). Let r(m) = -2*m - 1. List the prime factors of r(i).
19
Let h(k) = 2*k**2 + 5*k - 5. What are the prime factors of h(5)?
2, 5, 7
Suppose -208 = -5*m + 1262. List the prime factors of m.
2, 3, 7
Suppose a + 320 = -a. What are the prime factors of a/(-12) + (-3)/9?
13
Suppose 5*j + k - 1724 = 0, -6*j = -3*j + 4*k - 1048. Suppose 2*c + j + 130 = 0. What are the prime factors of c/(-27) + 2/9?
3
Suppose -5*d + 5*j = 0, -3*j + 3 = -3*d + j. Suppose v + 24 = d*v. What are the prime factors of v?
2, 3
Let m(i) = 8*i**2 + 5*i - 6. What are the prime factors of m(-6)?
2, 3, 7
Let x = -4 - 0. Let g be 0/(x/(-2)*-1). Suppose g = -0*f - f + 14. What are the prime factors of f?
2, 7
Let t be (-5 + 9)*1/2. Suppose 0 = 2*p - t - 0. Suppose -l = -7 + p. What are the prime factors of l?
2, 3
Suppose -4 = -4*u, 5*t - u - 30 = 4*u. Suppose 5*v = t*v - 12. What are the prime factors of v?
2, 3
Suppose -o + 6*o = 0. Suppose 2*p + n + 6 = 5*n, o = -3*p - 3*n + 18. Suppose -3*g = -p*c - g + 23, -2*g = -2*c + 12. What are the prime factors of c?
11
Suppose u = -u + 3*k + 10, -3*k = 0. Suppose -4*d = -3*j - d + 114, -3*d = -u*j + 184. What are the prime factors of j?
5, 7
What are the prime factors of (0 + 23 + 1)*10/3?
2, 5
Let z = 94 + 199. List the prime factors of z.
293
Let m(d) = d**3 - 4*d**2 - 5*d + 5. Let l be m(5). Let w(g) = -g**2. Let n be w(0). Suppose 6*s - 4*q - 40 = 2*s, n = -q - l. What are the prime factors of s?
5
List the prime factors of -2 - 26*(-2 - -1).
2, 3
Let d(p) = 2*p**3 + p. Let z be d(-2). List the prime factors of (6/z)/(2/(-24)).
2
Suppose 6*k - 14 = 5*k. What are the prime factors of k?
2, 7
Let n = 5 + 1. List the prime factors